c - 65 = -6*h + 4*h. Is c a prime number?
False
Let y = -2 + 6. Suppose -749 = -5*u - p, y*u - 4*p - 472 = 108. Is u composite?
False
Let h(q) = 504*q - 1. Is h(1) composite?
False
Let y = 3 - -1. Suppose -o + y = o. Suppose -3*a + 95 = o*a. Is a a composite number?
False
Let x = -4 - -6. Let g be (3 + -1)*3/x. Suppose -g*r + 373 - 136 = 0. Is r prime?
True
Let p(r) = 204*r + 23. Is p(6) composite?
True
Let q(w) = 4*w**2 + 14*w + 5. Let k be -12 + (-4)/(-3 - -1). Is q(k) composite?
True
Let y = 86 + 32. Suppose -2*a = -4*a + y. Is a composite?
False
Let l = -5 - -8. Let g = -9 - -12. Suppose w - g*y - 7 = 0, -22 = -3*w - l*y + 11. Is w prime?
False
Let i(l) = -l**3 - 5*l**2. Let a be i(-5). Suppose -4*x + 249 - 37 = a. Is x composite?
False
Let v = 943 + -90. Is v a prime number?
True
Is -382*(5/2)/(-5) prime?
True
Let u(c) = 2*c**3 - 18*c**2 + 3. Is u(13) composite?
True
Suppose -2*m = k + m - 13, 0 = -5*k - 4*m + 43. Let y be k - (0/3 - -1). Suppose -34 = -4*g + y. Is g prime?
False
Suppose -3*o = -2 - 13. Let l(u) = 50*u - 28*u - 26*u - u**3 + 8*u**2. Is l(o) a prime number?
False
Let h(o) = 34*o**2 + 5*o + 2. Is h(-3) a composite number?
False
Suppose 4*d + 5*p = -1, 0 = 4*d - 2*p + 31 - 9. Let i = -6 - d. Is (-1)/((5 + i)/(-159)) a prime number?
True
Let c = 618 - 418. Suppose 4*n + 4*l - c = 0, 8*l + 15 = 3*l. Is n prime?
True
Suppose 3*z - 3 = -5*p - 0, -5*p - 5 = 5*z. Suppose 0 = 3*d + n - 51 - 524, -579 = -p*d - 3*n. Is d composite?
False
Let o be (-34 - 1)*(-18)/(-5). Let c = 191 + o. Is c/9 - (-2)/(-9) a composite number?
False
Let w(f) = -92*f + 18. Let x(g) = -g - 1. Let k(p) = -w(p) - 5*x(p). Is k(12) prime?
True
Let n(v) = v - 4. Let y be n(0). Let l(o) = 286*o + 77. Let z(r) = -15*r - 4. Let m(p) = y*l(p) - 77*z(p). Is m(11) prime?
False
Suppose -362 - 1531 = -3*q. Is q a composite number?
False
Suppose 0*a - 9 = -u + 3*a, u + a = 1. Let b be (-43 + u)/(2/(-4)). Suppose 5*n = 35 + b. Is n a prime number?
True
Let l be ((-5)/(-3) + -2)*6. Let d(z) = -71*z - 3. Is d(l) a prime number?
True
Suppose 0 = -2*u - 3*u. Suppose u = g + 4*g - 285. Is g a composite number?
True
Let a(k) = 5*k**2 - k + 2. Let o be a(-2). Let x = o - -11. Is x composite?
True
Let m(v) = 696*v**3 - 3*v**2 + 3*v - 1. Let u be m(1). Suppose 2*q + x - 613 = 797, -3*x + u = q. Is q a prime number?
False
Let j(u) = -8*u**3 + 2*u**2 - 6*u + 1. Let w(r) = -16*r**3 + 4*r**2 - 13*r + 3. Let x(o) = -5*j(o) + 2*w(o). Is x(3) a composite number?
False
Suppose 4704 = 4*x + 4*c, -5*x + c = 5*c - 5885. Is x composite?
False
Suppose -3*q = -3*b - 0*q + 42, b - 2*q = 16. Suppose -96 = -5*h - 3*k, -2*h = -h + 3*k - b. Is h composite?
True
Let r(s) = -s**3 - s**2 - 4*s + 7. Let p = 5 + -10. Is r(p) a composite number?
False
Let m(r) = r - 1. Let i(p) = -9*p - 4. Let s(y) = -i(y) - 3*m(y). Is s(5) a composite number?
False
Let g(t) = 46*t**2 + 2*t - 1. Is g(3) composite?
False
Let w be 3 + -3 + (2 - 0). Let d = w - 0. Suppose d*g - 18 = 116. Is g a composite number?
False
Let u be 0 + 0 + 5/1. Suppose u*k - 25 = 0, -3*l + 5*k + 184 = -220. Is l prime?
False
Suppose -2*h = -5*t + 2449, 0 = 5*t + h - 1753 - 690. Is t a composite number?
True
Is (-2)/10 + 3276/5 prime?
False
Let o = -41 - -121. Let c be ((-108)/30)/((-2)/110). Suppose -w - o + c = 0. Is w composite?
True
Is 1/(-3 - (-9552)/3183) a composite number?
False
Let f(z) be the first derivative of -z**4/4 + 8*z**3/3 - 2*z**2 + 5*z + 2. Let d be f(6). Suppose d + 71 = 4*t. Is t a composite number?
False
Let x(z) = 77*z + 7. Is x(2) composite?
True
Suppose -3*d = -2*d - 2. Suppose 3*t = 15 - 3. Suppose d*y + 8*n = 4*n + 86, n = t*y - 145. Is y composite?
False
Let h(m) = m**3 + 5*m**2 + 4*m + 3. Let y be h(-3). Suppose o - 5 = y. Is o a composite number?
True
Let w(o) be the second derivative of o**4/12 - o**3 + 7*o**2/2 - o. Suppose 0*b - b = -6. Is w(b) a prime number?
True
Let o(z) = 563*z**3 + z**2 - 2*z + 1. Is o(1) a composite number?
False
Let f(b) = 52*b**2 - 4*b + 3. Is f(5) composite?
False
Suppose -4*u = -v + 158 - 618, -2*v = 0. Is u composite?
True
Let h(z) = -z**2 + 5*z + 8. Let k be h(6). Suppose 0 = k*d - 61 - 113. Is d a prime number?
False
Let u(o) = -101*o - 7. Let k be u(-6). Let m(p) = -33*p + 19. Let y be m(-7). Suppose -2*s + 3*i = -y, i = -0*s + 5*s - k. Is s composite?
True
Suppose -2*b = 2*n - 1660, -4*n = -3*b - 9*n + 2490. Let i = b - 1411. Is (-2)/(-12) - i/6 a composite number?
False
Suppose 4*w - 879 = 2701. Is w composite?
True
Is ((-21)/42)/(1/(-1338)) a composite number?
True
Suppose 0 = -j - 5*q + 19, -2*j + 3*j - 4*q - 1 = 0. Let s(h) = 33*h - 6. Is s(j) prime?
False
Let x(w) = 2*w**3 - w**2 + 6*w + 2. Is x(5) composite?
False
Is (-197)/(-3)*(-36)/(-6) a prime number?
False
Let h(p) = 150*p - 5. Is h(5) composite?
True
Suppose -4*u + 1 = -7. Let n(z) = 4*z**3 + 3*z - 1. Is n(u) composite?
False
Let a = 174 + -47. Is a composite?
False
Suppose 0 = -c - 3*c + 4. Suppose 133 = 3*b - 4*b. Is c/(1 - (-132)/b) composite?
True
Is (-97)/((3 - 1)/(-4)) a composite number?
True
Suppose -x + 3*x = 2. Let h be (-3 + 4)/(x/2). Suppose h*k - 211 = k. Is k a prime number?
True
Suppose 3 = 3*t + 18. Is (-2 - (2 + t)) + 148 composite?
False
Let s be 1 - -5 - (4 + -1). Suppose -3*q - y = -61, 2*y = s*q - 2*q - 11. Is q composite?
False
Suppose -5*s = -8 - 2. Suppose s*v + 30 = -3*v. Is v/(3/((-138)/4)) a prime number?
False
Let q be (2/4)/((-3)/(-12)). Is 5/((-1 + q)/113) a prime number?
False
Let d(q) = -q**3 - 4*q**2 - q + 5. Let g be d(-4). Is 90/(-4)*(-6)/g composite?
True
Let h be (-8)/40 + (-448)/10. Let s = h - 66. Let x = s + 166. Is x a prime number?
False
Let f(z) = 23*z**2 + 12*z + 12. Is f(-7) a prime number?
False
Suppose -2*h - 2*x = -1974, 2*h = 5*x - 81 + 2069. Is h a composite number?
True
Suppose 3*a - 4 = -1. Let u(t) = 21*t + 1. Is u(a) a prime number?
False
Let p = -8 - -11. Let x = 80 - 22. Suppose p*i + 28 = d, 3*d + i - x = -3*i. Is d prime?
False
Suppose -1 = 6*c - 79. Is c composite?
False
Let c be ((-2)/3)/((-4)/(-6)). Is (c/2)/((-2)/104) prime?
False
Let f(s) = 3*s**3 + 2*s**2 + s - 1. Let r be 1/5 + 9/5. Let v be f(r). Let t = v - -4. Is t composite?
False
Suppose -4*t + t + 885 = 0. Is t a prime number?
False
Suppose -8 = -4*x - 0*x. Let f(h) = 0*h**3 + h - h - 3*h + 3 + 5*h**3. Is f(x) prime?
True
Let k(t) = -t**2 - 5*t - 2. Let y be k(-2). Suppose 125 - 465 = -y*g. Is g a composite number?
True
Suppose 2*p = -p + 4443. Is p prime?
True
Let l be (-9)/(-6) + 60/(-8). Is 1395/11 - l/33 a prime number?
True
Is (-459)/(-4) + (-5)/(-20) a prime number?
False
Suppose -3*t + 838 = 5*z - 145, 5*z = 2*t - 647. Is t composite?
True
Let x = 250 + -167. Is x prime?
True
Let u = 557 + -332. Let i = -64 + u. Is i prime?
False
Suppose -321 = -2*x + 1399. Suppose 4*u = -232 + x. Is u prime?
True
Let d = -2 - -2. Let c(s) = s**2 + s + 111. Is c(d) a composite number?
True
Suppose 3*g = -4*l + 154, -3*l + 102 = -4*g + 6*g. Let h = g + -19. Is h a prime number?
False
Let l be 6 + -5 - 1*2. Is (15 + l)/((-1)/(-1)) prime?
False
Let y(h) = -158*h + 9. Is y(-4) composite?
False
Suppose 3*l + 5*m - 37 = 0, 4*l - 49 = l - 2*m. Is l a composite number?
False
Is 71 - (4 + (1 - 8)) composite?
True
Suppose 0 = -2*g - 72 + 266. Is g prime?
True
Is (1 + 4)*(-2954)/(-10) a composite number?
True
Let g(k) = k**3 + 2*k**2 - 6*k - 4. Let h be g(-4). Suppose 5*v - 3*f + 150 = -54, 2*f + 214 = -5*v. Is (v/18)/(2/h) a composite number?
True
Suppose -y + 5*y = 4. Is (y*-1)/((-2)/158) a composite number?
False
Let l(u) = -u + 4. Let h be l(0). Suppose -w = -5, h*w + 61 = 3*i - 33. Is i prime?
False
Let l(j) = j**3 - 4*j**2 - 9*j - 23. Is l(15) a composite number?
True
Suppose -y = -2*b - 3, 3*b - 2*b - 12 = 5*y. Is y - (-167 - -1) - 0 a prime number?
True
Is 993 + 0/(1/(-1)) a composite number?
True
Let l(i) = -3*i. Let y be l(-6). Suppose -2*g + 16 = 4*p, 3*p - 22 = -5*g + 11. Is y/(-15)*(-195)/g prime?
False
Suppose -28*q + 222 = -27*q. Suppose -5*m = 4*t - q, -3*m - 102 = -2*t - m. Is t a composite number?
False
Let z(a) be the second derivative of 19*a**4/12 + a**3/6 + a**2/2 + a. Let l be (-4)/6*-1*3. Is z(l) composite?
False
Let c(h) = -6*h - 11. Let m = -1 + -8. Is c(m) prime?
True
Is (-86)/(-4)*(18 - 8